34
What is 465327 (base 8) in base 13?
57155
2221012000 (base 3) to base 11
3a409
What is 2523141 (base 6) in base 4?
201011011
What is 33230110222 (base 4) in base 12?
146474a
What is -1c34a1 (base 15) in base 16?
-150703
What is -17787a9 (base 11) in base 5?
-1232404034
What is -201334553 (base 6) in base 11?
-1a36173
Convert 1011001111011010100101 (base 2) to base 6.
143054125
Convert 322210333 (base 4) to base 9.
405114
Convert 10655 (base 13) to base 8.
71715
Convert -3788481 (base 13) to base 7.
-300162030
-168627 (base 9) to base 2
-11001100100110110
12211111111 (base 3) to base 13
40351
Convert -220221120011 (base 3) to base 12.
-1b81aa
What is -570610 (base 12) in base 8?
-5233154
Convert 10000000000111 (base 2) to base 5.
230244
What is -bb463b (base 13) in base 8?
-20641666
What is -10001110001101110 (base 2) in base 6?
-1321034
Convert -46601673 (base 8) to base 7.
-152231115
-622364 (base 7) to base 3
-12102010022
1656474 (base 9) to base 4
3201122221
-20021021000 (base 3) to base 11
-84783
Convert 517022 (base 8) to base 15.
35c5d
What is 174720 (base 8) in base 2?
1111100111010000
-113311110202 (base 4) to base 8
-27652442
Convert 10201102120221 (base 3) to base 12.
7b3b51
-b8124 (base 14) to base 2
-1101100100101010100
Convert b0a11b (base 16) to base 6.
1052034351
Convert 684416 (base 10) to base 9.
1252752
-71254 (base 11) to base 16
-196b7
What is -27266775 (base 8) in base 4?
-113112313331
10964b (base 12) to base 5
31442212
240442 (base 8) to base 13
2b55b
What is 57d2a (base 14) in base 7?
1550353
Convert -556d6 (base 14) to base 3.
-101112011202
Convert 2126233 (base 7) to base 13.
90c0a
-4403004 (base 6) to base 10
-218380
-2121010001011 (base 3) to base 2
-101010000111010111100
1033378 (base 10) to base 3
1221111112021
Convert 157760 (base 10) to base 11.
a8589
Convert 122323003 (base 4) to base 6.
2210311
-2dc19 (base 16) to base 7
-1410256
Convert -a51252 (base 12) to base 7.
-31022624
Convert 1fcbbd (base 16) to base 8.
7745675
Convert 23c2130 (base 13) to base 10.
11114831
Convert 120001121112200 (base 3) to base 16.
7a1f1e
-a0a9a (base 11) to base 15
-2db89
What is -43303333 (base 5) in base 16?
-5a242
7ab613 (base 12) to base 14
39383d
Convert -11111010101000101 (base 2) to base 6.
-2430033
-c87a3 (base 13) to base 10
-361624
Convert -1000001110111001 (base 2) to base 6.
-420041
-4225431 (base 6) to base 12
-9b277
Convert 152140 (base 11) to base 4.
321320123
What is -7236600 (base 10) in base 9?
-14548666
What is 301131200111 (base 4) in base 8?
61354025
297474 (base 12) to base 5
134301143
b37b8 (base 14) to base 16
698d6
Convert -3020040 (base 6) to base 5.
-14030314
11001111001011101 (base 2) to base 15
2166c
What is 20622556 (base 7) in base 6?
101330554
What is 39186 (base 13) in base 12?
51233
-51ba1 (base 12) to base 4
-122021221
10011001100010110 (base 2) to base 14
20914
4554760 (base 8) to base 14
24233a
-10010010010011000101 (base 2) to base 15
-bc842
1000111111001011 (base 2) to base 5
2134221
1381221 (base 9) to base 7
6322351
What is -233045442 (base 6) in base 5?
-2103023232
-11341500 (base 6) to base 10
-355500
What is d582 (base 14) in base 15?
ad61
Convert 568205 (base 10) to base 9.
1055378
Convert 10215603 (base 9) to base 4.
102233022102
Convert -81911 (base 11) to base 10.
-119560
Convert -206052302 (base 7) to base 3.
-212001021120002
What is -a35a0a (base 15) in base 14?
-1061a1a
-23301333302 (base 4) to base 11
-181a37a
What is 11101111001010010000 (base 2) in base 12?
3b2a94
What is -1101310034 (base 5) in base 16?
-242772
What is -3d9c71 (base 15) in base 6?
-143351211
What is -103030300 (base 4) in base 15?
-1847a
Convert -24152234 (base 6) to base 5.
-143330103
-2155513 (base 6) to base 5
-11440322
What is -afba (base 16) in base 7?
-245104
What is -11011011011011101 (base 2) in base 12?
-55025
Convert -10dbfe (base 16) to base 7.
-12251160
13272011 (base 8) to base 11
1755043
Convert 101000111101110110000111 (base 2) to base 9.
22177220
-8543 (base 10) to base 14
-3183
Convert -1211212021020 (base 3) to base 7.
-11225211
Convert -22102121120 (base 3) to base 2.
-101000100000101010
What is -121524334 (base 6) in base 15?
-30ee5a
What is -5076737 (base 8) in base 10?
-1342943
What is -63061630 (base 7) in base 15?
-6ed1b4
What is 1011001000111 (base 2) in base 12?
3373
What is 112110211210 (base 3) in base 11?
185083
What is -908059 (base 12) in base 6?
-120144153
What is -9978468 (base 10) in base 2?
-100110000100001001100100
Convert -22034330 (base 5) to base 12.
-91b25
What is -1020100211122 (base 3) in base 8?
-2402507
122121022200 (base 3) to base 12
148639
What is -578896 (base 11) in base 2?
-11100000011110100111
101111002201220 (base 3) to base 12
1a48850
Convert 30957 (base 15) to base 4.
211211332
Convert -14423358 (base 9) to base 8.
-33241326
Convert 50403311 (base 8) to base 16.
a206c9
Convert 9608113 (base 10) to base 5.
4424424423
17079 (base 10) to base 6
211023
What is -221313103 (base 4) in base 2?
-101001110111010011
Convert 41806 (base 12) to base 16.
14f46
16757c7 (base 13) to base 7
115524036
372140 (base 12) to base 10
895296
Convert -551238 (base 15) to base 7.
-46312613
-1110110101110010 (base 2) to base 6
-1145230
What is 17785a (base 12) in base 7?
3314320
214051250 (base 7) to base 11
7278053
What is -10000001000110000 (base 2) in base 5?
-4103341
What is -201001100200 (base 3) in base 13?
-101898
Convert 95437 (base 13) to base 4.
1001213110
722432 (base 8) to base 9
403605
-14617a2 (base 11) to base 16
-263cad
Convert -18073a (base 14) to base 16.
-ceaf0
2a62 (base 13) to base 2
1100000010100
Convert 15053301 (base 9) to base 8.
34410322
Convert -100211001100 (base 3) to base 15.
-3c3b6
Convert -2340550 (base 8) to base 16.
-9c168
What is -2001023341 (base 5) in base 16?
-3bde8c
111010110000111011010011 (base 2) to base 15
154458a
What is -6131284 (base 9) in base 4?
-30131323321
1010200120012 (base 3) to base 14
11a1a6
Convert 22220332 (base 6) to base 10.
671456
What is 31751060 (base 8) in base 10?
6804016
What is -1100101110101000001100 (base 2) in base 8?
-14565014
What is -401304 (base 10) in base 12?
-1742a0
What is 320102310 (base 4) in base 5?
24334310
132121 (base 16) to base 2
100110010000100100001
What is 23c16a (base 16) in base 3?
11102001100221
-103832 (base 9) to base 13
-22247
12b23aa (base 14) to base 13
1b43c70
What is -2082061 (base 9) in base 12?
-45a417
Convert 423713 (base 8) to base 3.
21011202211
Convert 8a356 (base 12) to base 8.
546562
Convert 8a07d0 (base 14) to base 11.
2712437
-2545432 (base 6) to base 11
-95169
Convert 6a5452 (base 12) to base 16.
1a163e
-516121 (base 7) to base 5
-10313213
72d92 (base 14) to base 9
462062
404510 (base 8) to base 16
20948
Convert 279688 (base 12) to base 15.
d055b
What is -14bb9d (base 15) in base 9?
-1785864
What is -2227921 (base 12) in base 7?
-106312633
-3271268 (base 10) to base 14
-612220
Convert -3145105 (base 6) to base 14.
-401d7
What is -2150542 (base 6) in base 5?
-11422044
What is -25685 (base 16) in base 3?
-21210011212
b9363 (base 12) to base 7
2034552
What is -57c55a (base 13) in base 3?
-10220212021012
What is -12303020 (base 5) in base 13?
-422c3
What is caca (base 14) in base 16?
88fa
-4320342130 (base 5) to base 15
-c0be10
-3578870 (base 12) to base 3
-201111110102210
-110101011101100011000000 (base 2) to base 7
-230060025
646364 (base 8) to base 13
775c1
Convert -3647714 (base 9) to base 3.
-10201121210111
What is 16421017 (base 8) in base 15?
503c72
What is 2693159 (base 10) in base 7?
31614530
Convert 220121211100 (base 3) to base 14.
c88a7
14445023 (base 6) to base 11
314690
980e0b (base 16) to base 11
56969a2
What is 10101010001011 (base 2) in base 7?
43516
Convert -2232411 (base 8) to base 16.
-93509
-23cab (base 14) to base 15
-1ae2c
-332a11 (base 11) to base 10
-530960
What is -24570 (base 11) in base 3?
-1210101222
-10001001011100011100011 (base 2) to base 7
-53165360
Convert -d8cb0e (base 15) to base 9.
-21368165
-242631 (base 7) to base 12
-21710
What is 1010100100100011 (base 2) in base 16?
a923
What is 22043401 (base 6) in base 13?
1a1049
What is 872baa (base 15) in base 2?
11000100011111101101000
50434615 (base 7) to base 9
7801754
What is 2308083 (base 